5 divide 3235?
True
Is 8378 a multiple of 30?
False
Is 31097 a multiple of 18?
False
Is 28 a factor of 25340?
True
Does 145 divide 17980?
True
Is 110 a multiple of 55?
True
Does 31 divide 324?
False
Is 1209 a multiple of 3?
True
Is 38 a factor of 608?
True
Is 4215 a multiple of 15?
True
Does 40 divide 2680?
True
Is 4092 a multiple of 31?
True
Is 1718 a multiple of 14?
False
Is 14012 a multiple of 124?
True
Is 1080 a multiple of 72?
True
Does 42 divide 588?
True
Does 37 divide 2331?
True
Does 3 divide 6995?
False
Is 642 a multiple of 13?
False
Does 12 divide 2508?
True
Does 8 divide 32?
True
Is 256 a factor of 27898?
False
Is 4 a factor of 48?
True
Is 24600 a multiple of 16?
False
Is 8 a factor of 1461?
False
Does 23 divide 1725?
True
Is 232 a multiple of 11?
False
Is 107 a factor of 655?
False
Is 84555 a multiple of 14?
False
Is 13 a factor of 2352?
False
Does 45 divide 7613?
False
Is 732 a multiple of 61?
True
Is 2394 a multiple of 14?
True
Is 20 a factor of 14700?
True
Is 15158 a multiple of 286?
True
Is 575 a multiple of 4?
False
Is 49 a factor of 1583?
False
Is 4196 a multiple of 7?
False
Does 19 divide 57?
True
Does 126 divide 8908?
False
Does 61 divide 7137?
True
Is 57 a factor of 754?
False
Is 6045 a multiple of 65?
True
Does 32 divide 1917?
False
Is 856 a multiple of 24?
False
Is 22284 a multiple of 9?
True
Is 2869 a multiple of 2?
False
Does 38 divide 18848?
True
Does 167 divide 21877?
True
Is 80 a factor of 6781?
False
Is 55 a factor of 605?
True
Is 153 a multiple of 3?
True
Is 2 a factor of 54?
True
Does 15 divide 743?
False
Is 2290 a multiple of 9?
False
Does 15 divide 62655?
True
Is 3 a factor of 111?
True
Is 372 a multiple of 6?
True
Is 672 even?
True
Is 59 a factor of 11092?
True
Does 29 divide 1682?
True
Is 3812 a multiple of 7?
False
Is 15 a factor of 2985?
True
Is 69278 a multiple of 239?
False
Is 142 a factor of 3928?
False
Is 18116 a multiple of 6?
False
Is 80998 a multiple of 55?
False
Is 1072 a multiple of 8?
True
Is 59357 a multiple of 73?
False
Is 121 a factor of 6534?
True
Is 9 a factor of 365?
False
Does 18 divide 43164?
True
Is 13888 a multiple of 112?
True
Is 55 a factor of 517?
False
Does 12 divide 5818?
False
Does 22 divide 176?
True
Does 22 divide 1370?
False
Is 778 a multiple of 29?
False
Is 6 a factor of 48?
True
Is 45 a factor of 23715?
True
Is 4 a factor of 14875?
False
Is 69 a factor of 1173?
True
Does 8 divide 672?
True
Is 63488 a multiple of 13?
False
Is 86274 a multiple of 18?
True
Does 29 divide 1450?
True
Is 17 a multiple of 17?
True
Is 420 a multiple of 12?
True
Is 49 a factor of 1323?
True
Is 14 a factor of 13930?
True
Does 23 divide 238?
False
Is 13 a factor of 1023?
False
Is 6809 a multiple of 68?
False
Does 57 divide 49305?
True
Is 12 a factor of 2886?
False
Does 42 divide 7392?
True
Is 7 a factor of 46?
False
Is 3 a factor of 4847?
False
Is 4 a factor of 134?
False
Is 9 a factor of 2754?
True
Is 440 a factor of 139480?
True
Does 4 divide 4815?
False
Does 3 divide 40?
False
Does 12 divide 360?
True
Does 4 divide 5920?
True
Is 18 a multiple of 4?
False
Is 34 a multiple of 17?
True
Is 15570 a multiple of 10?
True
Does 42 divide 14070?
True
Is 107 a factor of 15729?
True
Does 15 divide 240?
True
Is 61901 a multiple of 28?
False
Is 17 a factor of 21284?
True
Is 4485 a multiple of 13?
True
Is 273 a multiple of 21?
True
Is 38 a factor of 28186?
False
Is 19287 a multiple of 14?
False
Is 39 a factor of 39?
True
Does 23 divide 1082?
False
Is 175 a factor of 11375?
True
Is 40 a factor of 520?
True
Is 54 a factor of 34560?
True
Is 210 a multiple of 30?
True
Is 16 a factor of 9840?
True
Does 20 divide 480?
True
Is 21877 a multiple of 58?
False
Does 25 divide 14775?
True
Is 19898 a multiple of 5?
False
Is 20 a factor of 4820?
True
Is 40906 a multiple of 113?
True
Is 47 a factor of 611?
True
Is 44307 a multiple of 27?
True
Is 58 a factor of 17168?
True
Does 175 divide 4025?
True
Does 164 divide 15908?
True
Does 21 divide 1511?
False
Is 6649 a multiple of 61?
True
Is 19 a factor of 21204?
True
Is 19 a factor of 62?
False
Does 10 divide 426?
False
Is 7 a factor of 3312?
False
Is 12 a factor of 85?
False
Is 39 a factor of 4817?
False
Does 4 divide 9224?
True
Does 141 divide 14805?
True
Is 143 a multiple of 13?
True
Is 28650 a multiple of 25?
True
Is 23 a factor of 1264?
False
Is 79 a factor of 948?
True
Is 1342 a multiple of 84?
False
Is 17 a factor of 340?
True
Is 5045 a multiple of 5?
True
Does 24 divide 112677?
False
Does 8 divide 312?
True
Is 1820 a multiple of 35?
True
Is 4 a factor of 904?
True
Is 3294 a multiple of 61?
True
Is 60 a factor of 142620?
True
Is 275 a factor of 12925?
True
Is 356 a multiple of 46?
False
Does 8 divide 529?
False
Is 27679 a multiple of 121?
False
Is 44620 a multiple of 37?
False
Is 298 a multiple of 23?
False
Does 7 divide 2534?
True
Is 4479 a multiple of 12?
False
Does 33 divide 5166?
False
Is 192 a multiple of 32?
True
Is 189 a factor of 12285?
True
Is 30 a factor of 111?
False
Is 58 a factor of 6233?
False
Does 4 divide 324?
True
Is 25560 a multiple of 119?
False
Is 70 a factor of 3360?
True
Does 3 divide 58?
False
Does 18 divide 12222?
True
Is 1512 a multiple of 56?
True
Is 27090 a multiple of 210?
True
Does 16 divide 176?
True
Is 956 a multiple of 3?
False
Does 246 divide 39096?
False
Is 883 a multiple of 33?
False
Is 21457 a multiple of 22?
False
Does 97 divide 4177?
False
Is 52344 a multiple of 323?
False
Does 32 divide 33405?
False
Is 34776 a multiple of 12?
True
Is 1020 a multiple of 10?
True
Is 581 a multiple of 9?
False
Does 102 divide 204?
True
Is 67728 a multiple of 272?
True
Is 118 a multiple of 18?
False
Is 26838 a multiple of 6?
True
Is 5 a factor of 2642?
False
Does 59 divide 16107?
True
Is 13272 a multiple of 158?
True
Does 10 divide 59160?
True
Is 67232 a multiple of 191?
True
Is 259 a multiple of 37?
True
Is 5702 a multiple of 11?
False
Is 18 a factor of 237?
False
Is 7463 a multiple of 17?
True
Is 112 a factor of 11823?
False
Is 1332 a multiple of 26?
False
Does 19 divide 1662?
False
Does 156 divide 2784?
False
Is 7 a factor of 10815?
True
Is 60 a factor of 5080?
False
Is 4032 a multiple of 12?
True
Is 24050 a multiple of 65?
True
Does 7 divide 17?
False
Is 6800 a multiple of 10?
True
Is 11 a factor of 1851?
False
Is 356 a multiple of 8?
False
Is 215 a factor of 90085?
True
Is 618 a multiple of 41?
False
Does 86 divide 2236?
True
Does 70 divide 6860?
True
Is 6 a factor of 37758?
True
Does 3 divide 17?
False
Is 8820 a multiple of 14?
True
Is 36 a factor of 5400?
True
Is 10933 a multiple of 13?
True
Is 231 a multiple of 29?
False
Is 53 a factor of 954?
True
Is 101 a factor of 58479?
True
Does 54 divide 1285?
False
Is 27 a factor of 44749?
False
Is 64 a multiple of 10?
False
Is 3882 even?
True
Does 22 divide 207?
False
Is 13 a factor of 1560?
True
Is 6496 a multiple of 58?
True
Does 90 divide 180?
True
Is 12 a factor of 433?
False
Is 2141 even?
False
Is 392 a factor of 141010?
False
Is 28 a factor of 25618?
False
Does 102 divide 6630?
True
Is 60305 a multiple of 7?
True
Does 8 divide 96?
True
Is 13 a factor of 2244?
False
Does 84 divide 19656?
True
Is 151 a multiple of 24?
False
Is 5 a factor of 865?
True
Is 11 a factor of 3999?
False
Is 1470 a multiple of 35?
True
Does 37 divide 7901?
False
Does 94 divide 1893?
False
Does 46 divide 41814?
True
Is 77 a factor of 982?
False
Is 5 a factor of 3829?
False
Does 26 divide 299?
False
Is 29 a factor of 14641?
False
Is 83 a factor of 1162?
True
Is 1140 a multiple of 76?
True
Is 64 a factor of 20562?
False
Is 8 a factor of 31640?
True
Does 73 divide 12391?
False
Is 3 a factor of 12923?
False
Is 551 a multiple of 4?
False
Does 12 divide 83736?
True
Does 80 divide 51504?
False
Is 132784 a multiple of 16?
True
Is 1798 a multiple of 21?
False
Is 11 a multiple of 11?
True
Is 31104 a multiple of 16?
True
Does 5 divide 172?
False
Is 192 a factor of 27218?
False
Does 192 divide 34752?
True
Does 43 divide 3370?
False
Is 46 a factor of 160013?
False
Does 75 divide 450?
True
Is 10 a factor of 21550?
True
Is 181 a multiple of 12?
False
Is 145 a factor of 1015?
True
Is 369 a multiple of 4?
False
Does 28 divide 4224?
False
Is 3052 a multiple of 45?
False
Is 805 a multiple of 115?
True
Is 70 a factor of 217?
False
Does 32 divide 8443